*u + 3. Determine x(7).
80
Let a(w) = -78*w - 572. Determine a(-9).
130
Let t(a) = -a**3 - 120*a**2 - 352*a - 145. Give t(-117).
-28
Let j(c) = c**3 - 15*c**2 + 47*c - 113. Calculate j(10).
-143
Let h(r) = -r**3 + 45*r**2 - 2*r - 38. Give h(45).
-128
Let t(r) = -r**2 - 13*r. Calculate t(-5).
40
Let h(u) = 28*u + 614. What is h(-23)?
-30
Let w(s) = -s**2 - 25*s + 28217. Calculate w(156).
-19
Let d(y) = 2*y**2 + 177*y - 1137. Calculate d(6).
-3
Let a(g) = -28*g + 509. Determine a(18).
5
Let j(f) = 5*f**3 + 127*f**2 + 53*f - 26. Calculate j(-25).
-101
Let m(o) = -941*o + 1852. Determine m(2).
-30
Let z(l) = -l**3 - 4*l**2 + 16*l + 6. Calculate z(3).
-9
Let y(l) = l**2 - 3*l - 37. Calculate y(-12).
143
Let s(w) = -w**3 - 47*w**2 - 89*w - 25. Calculate s(-45).
-70
Let a(w) = -13*w**2 - 12*w + 51. Give a(0).
51
Let h(p) = -3*p**2 + 77. Determine h(-5).
2
Let m(h) = 14*h**3 - 75*h**2 + 8*h + 93. Give m(5).
8
Let m(k) = 2*k**2 - 32*k - 401. Determine m(-13).
353
Let q(u) = 6*u - 410. Give q(-14).
-494
Let g(q) = -274*q - 26854. Calculate g(-98).
-2
Let k(o) = -4*o**2 - 78*o - 233. Determine k(-16).
-9
Let d(n) = n**3 - 61*n**2 + 173*n + 40. Calculate d(58).
-18
Let n(c) = -c**3 - 134*c**2 + 266*c - 815. Calculate n(-136).
1
Let x(p) = -p**3 - 19*p**2 + 105*p + 297. Calculate x(-23).
-2
Let l(j) = -23*j**3 - j**2 - 6*j + 28. What is l(2)?
-172
Let i(z) = -z**3 - 137*z**2 + 857*z - 175. Determine i(-143).
-32
Let y(x) = x**3 - 64*x**2 - 72*x + 75. What is y(65)?
-380
Let r(v) = v**3 + 26*v**2 - 404*v - 27. Determine r(11).
6
Let t(o) = 3*o + 349. Give t(-109).
22
Let a(s) = s**2 - 57*s - 17. What is a(59)?
101
Let v(b) = -4*b**2 - 748*b + 7037. Calculate v(9).
-19
Let u(f) = -f**2 + 257*f - 5174. Determine u(22).
-4
Let z(w) = -w**3 - 39*w**2 + 39*w - 46. Determine z(-40).
-6
Let a(y) = -y**3 - 3*y**2 + 12*y + 17. Determine a(3).
-1
Let x(y) = 46*y - 139. Give x(3).
-1
Let h(n) = 107*n + 81. Calculate h(-1).
-26
Let p(y) = 2*y**2 + 22*y - 2. Give p(-7).
-58
Let d(y) = 33*y + 946. Give d(-26).
88
Let f(z) = 143*z + 1566. Determine f(-11).
-7
Let b(q) = -495*q + 86. Give b(0).
86
Let y(i) = i**2 - 120*i + 2586. Determine y(28).
10
Let p(s) = 1220*s - 15888. Calculate p(13).
-28
Let s(w) = -37*w - 2531. Give s(-67).
-52
Let g(p) = 4*p**2 - 2*p - 4. Give g(-2).
16
Let a(f) = 12*f - 38. Calculate a(7).
46
Let m(s) = 3*s**2 - 7*s + 7. What is m(4)?
27
Let w(g) = g**3 + 30*g**2 + 142*g - 34. Determine w(-24).
14
Let o(j) = -j**2 - 821*j + 3293. Give o(4).
-7
Let h(p) = -11*p**2 + 3*p - 3. Determine h(1).
-11
Let m(s) = 3485*s - 80152. Calculate m(23).
3
Let b(u) = u**3 - 16*u**2 + 58*u - 637. Determine b(15).
8
Let z(y) = y**3 + 13*y**2 - 110*y + 21. Determine z(-19).
-55
Let u(y) = y**3 + 12*y**2 - 8*y + 39. Determine u(-12).
135
Let j(f) = 2*f - 566. Calculate j(32).
-502
Let x(d) = -d**3 + 40*d**2 - 77*d + 4. Give x(38).
-34
Let x(i) = -i**2 - 62*i - 846. Give x(-42).
-6
Let i(o) = -o**3 - o**2 + 41*o + 14. What is i(6)?
8
Let x(v) = 2*v**3 + 313*v**2 + 159*v + 475. What is x(-156)?
7
Let l(p) = 1621*p + 16228. Calculate l(-10).
18
Let h(j) = 113*j + 3161. What is h(-28)?
-3
Let f(v) = -v**2 - 1128*v + 4508. Give f(4).
-20
Let h(t) = 35*t**2 + t - 11. What is h(3)?
307
Let t(x) = -23*x**3 + x**2 - 28*x - 62. Give t(-3).
652
Let z(y) = 64*y**3 + y**2 + 26*y + 26. What is z(-1)?
-63
Let b(q) = 3*q**2 - 71*q + 57. Calculate b(25).
157
Let w(b) = -28*b + 1257. Give w(44).
25
Let i(m) = -86*m - 182. Give i(-2).
-10
Let k(q) = -10*q**2 - 40*q + 124. Calculate k(3).
-86
Let f(c) = 44*c - 1050. Give f(24).
6
Let q(x) = -x**3 + 23*x**2 - 58*x + 24. Give q(20).
64
Let j(q) = -12*q**3 - 35*q**2 - 15*q - 53. Give j(-3).
1
Let g(a) = -a**2 + 239*a + 3822. What is g(-15)?
12
Let w(x) = -x**2 - 58*x + 406. Give w(-65).
-49
Let b(n) = -3*n**3 - 25*n**2 + 93*n + 3. What is b(4)?
-217
Let f(h) = -h**2 - 9*h + 25. What is f(15)?
-335
Let f(c) = -2*c**3 + 183*c**2 + 286*c - 668. Determine f(93).
-17
Let d(p) = -3*p**3 + 169*p**2 - 1079*p + 43. Determine d(49).
-6
Let r(g) = 5*g**2 + 4*g - 1. Give r(2).
27
Let d(s) = 11*s - 139. Determine d(27).
158
Let w(a) = -a**3 - 15*a**2 + 46*a + 125. Calculate w(-17).
-79
Let a(c) = 31*c - 4872. Calculate a(157).
-5
Let y(w) = -140*w - 695. What is y(-6)?
145
Let k(c) = -c**3 + 37*c**2 + 233*c + 1068. Determine k(43).
-7
Let u(j) = -94*j**3 - 3*j**2 - 2*j + 2. Give u(-1).
95
Let d(v) = -121*v - 165. Determine d(2).
-407
Let s(g) = g**2 + 15*g - 2412. Give s(42).
-18
Let v(o) = 15*o**3 + 3*o**2 + o - 6. Determine v(0).
-6
Let c(l) = 1117*l + 5567. Calculate c(-5).
-18
Let k(z) = 22*z + 33. Determine k(20).
473
Let u(j) = 2*j**2 + 122*j - 275. Give u(-63).
-23
Let r(h) = h**2 + 368*h + 6296. What is r(-18)?
-4
Let h(f) = 263*f + 1265. Determine h(-8).
-839
Let a(z) = z**3 + 23*z**2 + 29*z - 197. What is a(-21)?
76
Let j(x) = -x**3 + 6*x**2 + 43*x - 248. Calculate j(5).
-8
Let w(u) = -u**3 - 12*u**2 + 4*u + 52. Calculate w(-12).
4
Let x(g) = -g**2 - 276*g + 7878. Give x(26).
26
Let a(l) = 69*l - 71. What is a(2)?
67
Let x(z) = z**2 + 10*z + 11. Calculate x(-9).
2
Let r(n) = n**3 + 7*n**2 - 72*n + 109. Calculate r(4).
-3
Let h(j) = j**3 + 10*j**2 + 30*j + 18. Determine h(-6).
-18
Let x(k) = -7*k**3 - 45*k**2 + 30*k + 2. Give x(-7).
-12
Let c(q) = 2*q**2 - 30*q + 42. Give c(15).
42
Let j(m) = m**2 - 193*m + 5067. Determine j(161).
-85
Let t(b) = -2*b**3 - 28*b**2 - 15*b + 133. Give t(-13).
-10
Let u(m) = -m**2 - 68*m - 1079. Give u(-22).
-67
Let z(q) = -374*q + 743. Give z(2).
-5
Let n(l) = 85*l - 4848. Calculate n(57).
-3
Let j(t) = 134*t + 1294. Determine j(-13).
-448
Let f(r) = 41*r - 161. Calculate f(9).
208
Let z(x) = 17*x**3 - 2*x**2 - 197*x + 198. What is z(1)?
16
Let g(t) = 7*t**2 - 11*t - 4. What is g(-3)?
92
Let d(w) = w**3 - 1080*w. Calculate d(0).
0
Let g(c) = 813*c - 16268. Give g(20).
-8
Let l(g) = 45*g**2 - 2*g - 168. What is l(2)?
8
Let j(t) = 7*t**3 + 44*t**2 + 5*t + 18. What is j(-7)?
-262
Let h(v) = v**2 - 26*v - 3. What is h(27)?
24
Let k(p) = 113*p - 1812. Calculate k(16).
-4
Let r(s) = -s**2 - 34*s - 220. Give r(-24).
20
Let p(u) = 2*u**2 + 57*u - 20. Calculate p(-29).
9
Let d(l) = l**2 - 103*l - 1901. Determine d(-16).
3
Let d(k) = 581*k - 2325. What is d(4)?
-1
Let r(k) = -1069*k + 7477. What is r(7)?
-6
Let c(m) = -21616*m + 64839. Give c(3).
-9
Let k(a) = 3*a**2 + 25*a - 61. Calculate k(2).
1
Let t(r) = -26*r + 264. What is t(14)?
-100
Let o(r) = 22*r**3 - 2*r**2 + 25. What is o(3)?
601
Let s(h) = h**2 - 204*h + 803. Give s(4).
3
Let j(r) = -202*r**2 - 1215*r - 13. Determine j(-6).
5
Let x(t) = -t**3 - 37*t**2 - 157*t + 96. Determine x(-32).
0
Let v(y) = -17*y**3 - 4*y**2 + 25*y + 27. What is v(-1)?
15
Let x(i) = 39*i**2 - 1039*i - 385. Determine x(27).
-7
Let d(g) = -2*g**2 + 36*g + 338. What is d(-12)?
-382
Let c(y) = -15*y**3 + 2*y**2 - y + 4. Determine c(2).
-110
Let i(j) = -2*j**2 + 12*j + 656. Calculate i(-15).
26
Let w(n) = -n**2 - 36*n - 51. What is w(-29)?
152
Let a(c) = -2*c**2 - 70*c + 136. What is a(2)?
-12
Let v(y) = -10*y**2 - 21*y - 3. Calculate v(-6).
-237
Let c(y) = 6*y**2 + 21*y + 10. What is c(-7)?
157
Let m(h) = -h**2 - 48*h - 202. Determine m(-42).
50
Let x(m) = -32*m**2 + 22*m - 12. What is x(4)?
-436
Let h(z) = 325*z + 15306. Determine h(-47).
31
Let p(i) = -i**2 + 20*i - 85. Give p(14).
-1
Let a(o) = -1431*o - 20040. Calculate a(-14).
-6
Let c(v) = v + 19. Calculate c(24).
43
Let n(g) = 2*g**3 + 29*g**2 + 99*g + 11. Calculate n(-5).
-9
Let a(s) = s**2 - 24*s + 89. Calculate a(6).
-19
Let m(i) = 11*i - 345. What is m(31)?
-4
Let m(c) = -c**3 + 43*c**2 - 149*c - 279. Give m(39).
-6
Let q(n) = -168*n + 8228. Give q(49).
-4
Let d(f) = 2*f**3 - 53*f**2 - 23*f - 79. Determine d(27).
29
Let g(n) = 512*n + 532. What is g(-1)?
20
Let d(f) = f**2 + 109*f - 527. Give d(-113).
-75
Let t(b) = -b**3 - 93*b**2 + 591*b - 313. Determine t(-99).
-16
Let q(j) = -2*j**3 + 96*j**2 + 417*j - 73. What is q(52)?
-21
Let l(y) = -y**2 + 9*y + 2139. Calculate l(-42).
-3
Let q(t) = 4116*t + 32920. Determine q(-8).
-8
Let w(q) = 66*q**2 - 121*q - 2. Determine w(2).
20
Let q(f) = -2*f**3 - 10*f**2 - 2*f - 4. Calculate q(-6).
80
Let d(r) = -85*r - 48. Calculate d(-1).
37
Let n(v) = v**3 + 19*v**2 + 10*v + 164. Calculate